{"id":200,"date":"2015-08-21T14:51:30","date_gmt":"2015-08-21T14:51:30","guid":{"rendered":"https:\/\/aqtea.cl\/?page_id=200"},"modified":"2023-12-01T19:48:47","modified_gmt":"2023-12-01T19:48:47","slug":"nuestra-mision-2","status":"publish","type":"page","link":"https:\/\/aqtea.cl\/?page_id=200","title":{"rendered":"Nuestros clientes"},"content":{"rendered":"<p>[et_pb_section fb_built=&#8221;1&#8243; admin_label=&#8221;section&#8221; _builder_version=&#8221;4.16&#8243; global_colors_info=&#8221;{}&#8221;][et_pb_row admin_label=&#8221;row&#8221; _builder_version=&#8221;4.16&#8243; background_size=&#8221;initial&#8221; background_position=&#8221;top_left&#8221; background_repeat=&#8221;repeat&#8221; global_colors_info=&#8221;{}&#8221; column_structure=&#8221;1_2,1_2&#8243;][et_pb_column type=&#8221;1_2&#8243; _builder_version=&#8221;4.16&#8243; custom_padding=&#8221;|||&#8221; global_colors_info=&#8221;{}&#8221; custom_padding__hover=&#8221;|||&#8221;][et_pb_image src=&#8221;https:\/\/aqtea.cl\/wp-content\/uploads\/2015\/08\/6ca1a5_movicenter.gif&#8221; align=&#8221;right&#8221; align_tablet=&#8221;center&#8221; align_last_edited=&#8221;on|desktop&#8221; admin_label=&#8221;Image&#8221; _builder_version=&#8221;4.16&#8243; animation_style=&#8221;slide&#8221; animation_direction=&#8221;left&#8221; animation_duration=&#8221;500ms&#8221; animation_intensity_slide=&#8221;10%&#8221; animation=&#8221;left&#8221; sticky=&#8221;off&#8221; use_border_color=&#8221;off&#8221; border_color=&#8221;#ffffff&#8221; border_style=&#8221;solid&#8221; always_center_on_mobile=&#8221;on&#8221; global_colors_info=&#8221;{}&#8221; align_phone=&#8221;center&#8221;][\/et_pb_image][et_pb_text admin_label=&#8221;Text&#8221; _builder_version=&#8221;4.16&#8243; background_size=&#8221;initial&#8221; background_position=&#8221;top_left&#8221; background_repeat=&#8221;repeat&#8221; text_orientation=&#8221;right&#8221; use_border_color=&#8221;off&#8221; border_color=&#8221;#ffffff&#8221; border_style=&#8221;solid&#8221; global_colors_info=&#8221;{}&#8221;]Inmobiliaria PAZ cuenta con a\u00f1os de experiencia desarrollando proyectos inmobiliarios, con dise\u00f1os funcionales y modernos, los cuales destacan por su calidad e innovaci\u00f3n y cuyos departamentos han sido elegidos por miles de familias para vivir o invertir.<\/p>\n<p>Tel\u00e9fono: 600 346 0000<br \/>\nWeb: <a href=\"http:\/\/www.paz.cl\" target=\"_blank\" rel=\"noopener\">www.paz.cl<\/a><br \/>\n[\/et_pb_text][et_pb_image src=&#8221;https:\/\/aqtea.cl\/wp-content\/uploads\/2015\/08\/1fdrUadAa.jpg&#8221; align=&#8221;right&#8221; align_tablet=&#8221;center&#8221; align_last_edited=&#8221;on|desktop&#8221; admin_label=&#8221;Image&#8221; _builder_version=&#8221;4.16&#8243; animation_style=&#8221;slide&#8221; animation_direction=&#8221;left&#8221; animation_duration=&#8221;500ms&#8221; animation_intensity_slide=&#8221;10%&#8221; animation=&#8221;left&#8221; sticky=&#8221;off&#8221; use_border_color=&#8221;off&#8221; border_color=&#8221;#ffffff&#8221; border_style=&#8221;solid&#8221; always_center_on_mobile=&#8221;on&#8221; global_colors_info=&#8221;{}&#8221; align_phone=&#8221;center&#8221;][\/et_pb_image][et_pb_text admin_label=&#8221;Text&#8221; _builder_version=&#8221;4.16&#8243; background_size=&#8221;initial&#8221; background_position=&#8221;top_left&#8221; background_repeat=&#8221;repeat&#8221; text_orientation=&#8221;right&#8221; use_border_color=&#8221;off&#8221; border_color=&#8221;#ffffff&#8221; border_style=&#8221;solid&#8221; global_colors_info=&#8221;{}&#8221;]<b>Puente Alto<\/b> es una ciudad y comuna chilena, que actualmente forma parte de la conurbaci\u00f3n urbana del Gran Santiago, ubicada en el Sector suroriente de Santiago\u00a0en la Regi\u00f3n Metropolitana de Santiago. Es la capital de la Provincia de Cordillera, la cual incluye adem\u00e1s a otras dos comunas.<br \/>\nTel\u00e9fono:\u00a0(562) 28101600<br \/>\nWeb: \u00a0<a href=\"http:\/\/www.mpuentealto.cl\" target=\"_blank\" rel=\"noopener\">www.mpuentealto.cl<\/a><br \/>\n[\/et_pb_text][et_pb_image src=&#8221;https:\/\/aqtea.cl\/wp-content\/uploads\/2015\/08\/inmobilia.jpg&#8221; align=&#8221;right&#8221; align_tablet=&#8221;center&#8221; align_last_edited=&#8221;on|desktop&#8221; admin_label=&#8221;Image&#8221; _builder_version=&#8221;4.16&#8243; animation_style=&#8221;slide&#8221; animation_direction=&#8221;left&#8221; animation_duration=&#8221;500ms&#8221; animation_intensity_slide=&#8221;10%&#8221; animation=&#8221;left&#8221; sticky=&#8221;off&#8221; use_border_color=&#8221;off&#8221; border_color=&#8221;#ffffff&#8221; border_style=&#8221;solid&#8221; always_center_on_mobile=&#8221;on&#8221; global_colors_info=&#8221;{}&#8221; align_phone=&#8221;center&#8221;][\/et_pb_image][\/et_pb_column][et_pb_column type=&#8221;1_2&#8243; _builder_version=&#8221;4.16&#8243; custom_padding=&#8221;|||&#8221; global_colors_info=&#8221;{}&#8221; custom_padding__hover=&#8221;|||&#8221;][et_pb_text admin_label=&#8221;Text&#8221; _builder_version=&#8221;4.16&#8243; background_size=&#8221;initial&#8221; background_position=&#8221;top_left&#8221; background_repeat=&#8221;repeat&#8221; use_border_color=&#8221;off&#8221; border_color=&#8221;#ffffff&#8221; border_style=&#8221;solid&#8221; global_colors_info=&#8221;{}&#8221;]El \u00fanico centro comercial automotriz de Chile, donde encontrar\u00e1s las mejores marcas del mercado, los \u00faltimos modelos, las mejores ofertas en autos nuevos y usados, adem\u00e1s de todos los servicios automotrices, financieros y legales, junto con las facilidades para hacer de tu visita una grata experiencia.<\/p>\n<p><strong>Av. Am\u00e9rico Vespucio 1155<\/strong>,<br \/>\nHuechuraba, Santiago, Chile.<br \/>\n<strong>Mesa Central<\/strong> 2 2797 4601<br \/>\n<strong>Administraci\u00f3n<\/strong> 2 2797 4600<br \/>\n[\/et_pb_text][et_pb_image src=&#8221;https:\/\/aqtea.cl\/wp-content\/uploads\/2015\/08\/GCxl7APG.png&#8221; align_tablet=&#8221;center&#8221; align_last_edited=&#8221;on|desktop&#8221; admin_label=&#8221;Image&#8221; _builder_version=&#8221;4.16&#8243; animation_style=&#8221;slide&#8221; animation_direction=&#8221;right&#8221; animation_duration=&#8221;500ms&#8221; animation_intensity_slide=&#8221;10%&#8221; animation=&#8221;right&#8221; sticky=&#8221;off&#8221; use_border_color=&#8221;off&#8221; border_color=&#8221;#ffffff&#8221; border_style=&#8221;solid&#8221; always_center_on_mobile=&#8221;on&#8221; global_colors_info=&#8221;{}&#8221; align_phone=&#8221;center&#8221;][\/et_pb_image][et_pb_text admin_label=&#8221;Text&#8221; _builder_version=&#8221;4.16&#8243; background_size=&#8221;initial&#8221; background_position=&#8221;top_left&#8221; background_repeat=&#8221;repeat&#8221; use_border_color=&#8221;off&#8221; border_color=&#8221;#ffffff&#8221; border_style=&#8221;solid&#8221; global_colors_info=&#8221;{}&#8221;]<b>Santo Domingo<\/b>, es un exclusivo balneario, llamado tambi\u00e9n <i>Rocas de Santo Domingo<\/i>, una comuna del litoral central de Chile. Est\u00e1 ubicada en la ribera sur de la desembocadura del R\u00edo Maipo en el Oc\u00e9ano Pac\u00edfico, en la Provincia de San Antonio, Regi\u00f3n de Valpara\u00edso.<\/p>\n<p>Plaza del Cabildo s\/n<br \/>\nRocas de Santo Domingo,<br \/>\nChile.<br \/>\nFono: (35)2200610 Fax: (35)2441726<br \/>\n[\/et_pb_text][et_pb_image src=&#8221;https:\/\/aqtea.cl\/wp-content\/uploads\/2015\/08\/lo.png&#8221; align_tablet=&#8221;center&#8221; align_last_edited=&#8221;on|desktop&#8221; admin_label=&#8221;Image&#8221; _builder_version=&#8221;4.16&#8243; animation_style=&#8221;slide&#8221; animation_direction=&#8221;right&#8221; animation_duration=&#8221;500ms&#8221; animation_intensity_slide=&#8221;10%&#8221; animation=&#8221;right&#8221; sticky=&#8221;off&#8221; use_border_color=&#8221;off&#8221; border_color=&#8221;#ffffff&#8221; border_style=&#8221;solid&#8221; always_center_on_mobile=&#8221;on&#8221; global_colors_info=&#8221;{}&#8221; align_phone=&#8221;center&#8221;][\/et_pb_image][et_pb_text admin_label=&#8221;Text&#8221; _builder_version=&#8221;4.16&#8243; background_size=&#8221;initial&#8221; background_position=&#8221;top_left&#8221; background_repeat=&#8221;repeat&#8221; use_border_color=&#8221;off&#8221; border_color=&#8221;#ffffff&#8221; border_style=&#8221;solid&#8221; global_colors_info=&#8221;{}&#8221;]INMOBILIA, GESTIONES DE PROYECTOS LTDA., es una empresa con m\u00e1s de veinte a\u00f1os dedicados al desarrollo, gesti\u00f3n y administraci\u00f3n de proyectos inmobiliarios. Su experiencia est\u00e1 ligada a la urbanizaci\u00f3n y construcci\u00f3n de conjuntos de viviendas en condominios, departamentos, loteos y edicios de oficinas.<\/p>\n<p>Av. Cuarto Centenario N\u00ba 438<br \/>\nLas Condes &#8211; Santiago &#8211; Chile<br \/>\nTel\u00e9fono: (+56 2) 2 726 2100<br \/>\nFax: (+56 2) 2 726 2101<br \/>\n[\/et_pb_text][\/et_pb_column][\/et_pb_row][\/et_pb_section][et_pb_section fb_built=&#8221;1&#8243; admin_label=&#8221;section&#8221; _builder_version=&#8221;4.16&#8243; global_colors_info=&#8221;{}&#8221; global_module=&#8221;696&#8243; theme_builder_area=&#8221;post_content&#8221;][et_pb_row column_structure=&#8221;1_2,1_2&#8243; admin_label=&#8221;row&#8221; _builder_version=&#8221;4.16&#8243; background_size=&#8221;initial&#8221; background_position=&#8221;top_left&#8221; background_repeat=&#8221;repeat&#8221; global_colors_info=&#8221;{}&#8221; theme_builder_area=&#8221;post_content&#8221;][et_pb_column type=&#8221;1_2&#8243; _builder_version=&#8221;4.16&#8243; custom_padding=&#8221;|||&#8221; global_colors_info=&#8221;{}&#8221; custom_padding__hover=&#8221;|||&#8221; theme_builder_area=&#8221;post_content&#8221;][et_pb_text admin_label=&#8221;Text&#8221; _builder_version=&#8221;4.16&#8243; background_size=&#8221;initial&#8221; background_position=&#8221;top_left&#8221; background_repeat=&#8221;repeat&#8221; text_orientation=&#8221;center&#8221; module_alignment=&#8221;center&#8221; use_border_color=&#8221;off&#8221; border_color=&#8221;#ffffff&#8221; border_style=&#8221;solid&#8221; global_colors_info=&#8221;{}&#8221; theme_builder_area=&#8221;post_content&#8221;]<\/p>\n<h1 style=\"text-align: left;\">Cont\u00e1ctenos<\/h1>\n<p style=\"text-align: center;\">\n[\/et_pb_text][et_pb_contact_form email=&#8221;maral@aqtea.cl&#8221; custom_message=&#8221;Nombre: %%Name%%||et_pb_line_break_holder||Email: %%Email%%||et_pb_line_break_holder||Mensaje; %%Message%%&#8221; success_message=&#8221;Su mensaje ha sido enviado con \u00e9xito. Pronto lo contactaremos.&#8221; submit_button_text=&#8221;Enviar&#8221; admin_label=&#8221;Contact Form&#8221; _builder_version=&#8221;4.23.1&#8243; _unique_id=&#8221;a666c252-964e-4d87-8f93-704ed67ab4e0&#8243; use_border_color=&#8221;off&#8221; border_color=&#8221;#ffffff&#8221; border_style=&#8221;solid&#8221; global_colors_info=&#8221;{}&#8221; theme_builder_area=&#8221;post_content&#8221;][et_pb_contact_field field_id=&#8221;Name&#8221; field_title=&#8221;Nombre&#8221; _builder_version=&#8221;4.23.1&#8243; global_colors_info=&#8221;{}&#8221; button_text_size__hover_enabled=&#8221;off&#8221; button_one_text_size__hover_enabled=&#8221;off&#8221; button_two_text_size__hover_enabled=&#8221;off&#8221; button_text_color__hover_enabled=&#8221;off&#8221; button_one_text_color__hover_enabled=&#8221;off&#8221; button_two_text_color__hover_enabled=&#8221;off&#8221; button_border_width__hover_enabled=&#8221;off&#8221; button_one_border_width__hover_enabled=&#8221;off&#8221; button_two_border_width__hover_enabled=&#8221;off&#8221; button_border_color__hover_enabled=&#8221;off&#8221; button_one_border_color__hover_enabled=&#8221;off&#8221; button_two_border_color__hover_enabled=&#8221;off&#8221; button_border_radius__hover_enabled=&#8221;off&#8221; button_one_border_radius__hover_enabled=&#8221;off&#8221; button_two_border_radius__hover_enabled=&#8221;off&#8221; button_letter_spacing__hover_enabled=&#8221;off&#8221; button_one_letter_spacing__hover_enabled=&#8221;off&#8221; button_two_letter_spacing__hover_enabled=&#8221;off&#8221; button_bg_color__hover_enabled=&#8221;off&#8221; button_one_bg_color__hover_enabled=&#8221;off&#8221; button_two_bg_color__hover_enabled=&#8221;off&#8221; theme_builder_area=&#8221;post_content&#8221;][\/et_pb_contact_field][et_pb_contact_field field_id=&#8221;Email&#8221; field_title=&#8221;Email&#8221; field_type=&#8221;email&#8221; _builder_version=&#8221;4.23.1&#8243; global_colors_info=&#8221;{}&#8221; button_text_size__hover_enabled=&#8221;off&#8221; button_one_text_size__hover_enabled=&#8221;off&#8221; button_two_text_size__hover_enabled=&#8221;off&#8221; button_text_color__hover_enabled=&#8221;off&#8221; button_one_text_color__hover_enabled=&#8221;off&#8221; button_two_text_color__hover_enabled=&#8221;off&#8221; button_border_width__hover_enabled=&#8221;off&#8221; button_one_border_width__hover_enabled=&#8221;off&#8221; button_two_border_width__hover_enabled=&#8221;off&#8221; button_border_color__hover_enabled=&#8221;off&#8221; button_one_border_color__hover_enabled=&#8221;off&#8221; button_two_border_color__hover_enabled=&#8221;off&#8221; button_border_radius__hover_enabled=&#8221;off&#8221; button_one_border_radius__hover_enabled=&#8221;off&#8221; button_two_border_radius__hover_enabled=&#8221;off&#8221; button_letter_spacing__hover_enabled=&#8221;off&#8221; button_one_letter_spacing__hover_enabled=&#8221;off&#8221; button_two_letter_spacing__hover_enabled=&#8221;off&#8221; button_bg_color__hover_enabled=&#8221;off&#8221; button_one_bg_color__hover_enabled=&#8221;off&#8221; button_two_bg_color__hover_enabled=&#8221;off&#8221; theme_builder_area=&#8221;post_content&#8221;][\/et_pb_contact_field][et_pb_contact_field field_id=&#8221;Message&#8221; field_title=&#8221;Mensaje&#8221; field_type=&#8221;text&#8221; fullwidth_field=&#8221;on&#8221; _builder_version=&#8221;4.23.1&#8243; global_colors_info=&#8221;{}&#8221; button_text_size__hover_enabled=&#8221;off&#8221; button_one_text_size__hover_enabled=&#8221;off&#8221; button_two_text_size__hover_enabled=&#8221;off&#8221; button_text_color__hover_enabled=&#8221;off&#8221; button_one_text_color__hover_enabled=&#8221;off&#8221; button_two_text_color__hover_enabled=&#8221;off&#8221; button_border_width__hover_enabled=&#8221;off&#8221; button_one_border_width__hover_enabled=&#8221;off&#8221; button_two_border_width__hover_enabled=&#8221;off&#8221; button_border_color__hover_enabled=&#8221;off&#8221; button_one_border_color__hover_enabled=&#8221;off&#8221; button_two_border_color__hover_enabled=&#8221;off&#8221; button_border_radius__hover_enabled=&#8221;off&#8221; button_one_border_radius__hover_enabled=&#8221;off&#8221; button_two_border_radius__hover_enabled=&#8221;off&#8221; button_letter_spacing__hover_enabled=&#8221;off&#8221; button_one_letter_spacing__hover_enabled=&#8221;off&#8221; button_two_letter_spacing__hover_enabled=&#8221;off&#8221; button_bg_color__hover_enabled=&#8221;off&#8221; button_one_bg_color__hover_enabled=&#8221;off&#8221; button_two_bg_color__hover_enabled=&#8221;off&#8221; theme_builder_area=&#8221;post_content&#8221;][\/et_pb_contact_field][\/et_pb_contact_form][\/et_pb_column][et_pb_column type=&#8221;1_2&#8243; _builder_version=&#8221;4.16&#8243; custom_padding=&#8221;|||&#8221; global_colors_info=&#8221;{}&#8221; custom_padding__hover=&#8221;|||&#8221; theme_builder_area=&#8221;post_content&#8221;][et_pb_text admin_label=&#8221;Text&#8221; _builder_version=&#8221;4.23.1&#8243; background_size=&#8221;initial&#8221; background_position=&#8221;top_left&#8221; background_repeat=&#8221;repeat&#8221; use_border_color=&#8221;off&#8221; border_color=&#8221;#ffffff&#8221; border_style=&#8221;solid&#8221; global_colors_info=&#8221;{}&#8221; theme_builder_area=&#8221;post_content&#8221;]<\/p>\n<h3>M\u00e1s Informaci\u00f3n<\/h3>\n<p><strong>Horario de atenci\u00f3n:<\/strong> 9:00 am-17:00 pm<\/p>\n<p>[\/et_pb_text][\/et_pb_column][\/et_pb_row][\/et_pb_section]<\/p>\n","protected":false},"excerpt":{"rendered":"<p>Inmobiliaria PAZ cuenta con a\u00f1os de experiencia desarrollando proyectos inmobiliarios, con dise\u00f1os funcionales y modernos, los cuales destacan por su calidad e innovaci\u00f3n y cuyos departamentos han sido elegidos por miles de familias para vivir o invertir. Tel\u00e9fono: 600 346 0000 Web: www.paz.cl Puente Alto es una ciudad y comuna chilena, que actualmente forma parte [&hellip;]<\/p>\n","protected":false},"author":1,"featured_media":0,"parent":0,"menu_order":0,"comment_status":"open","ping_status":"closed","template":"","meta":{"_et_pb_use_builder":"on","_et_pb_old_content":"<p>[et_pb_section fullwidth=\"on\" specialty=\"off\"][et_pb_fullwidth_slider admin_label=\"Fullwidth Slider\" show_arrows=\"on\" show_pagination=\"on\" auto=\"off\" parallax=\"off\" auto_ignore_hover=\"off\" parallax_method=\"off\" remove_inner_shadow=\"off\" background_position=\"default\" background_size=\"default\" hide_content_on_mobile=\"off\" hide_cta_on_mobile=\"off\" show_image_video_mobile=\"off\" custom_button=\"off\" button_letter_spacing=\"0\" button_use_icon=\"default\" button_icon_placement=\"right\" button_on_hover=\"on\" button_letter_spacing_hover=\"0\"] [et_pb_slide heading=\"Nuestros Proyectos\" background_image=\"http:\/\/www.minimalmaqueta.cl\/aqtea\/wp-content\/uploads\/2015\/07\/Construction_1.jpg\" background_color=\"#ffffff\" alignment=\"center\" background_layout=\"dark\" background_position=\"default\" background_size=\"default\" allow_player_pause=\"off\" header_font_select=\"default\" body_font_select=\"default\" custom_button=\"off\" button_font_select=\"default\" button_use_icon=\"default\" button_icon_placement=\"right\" button_on_hover=\"on\"] [\/et_pb_slide] [\/et_pb_fullwidth_slider][\/et_pb_section][et_pb_section fullwidth=\"off\" specialty=\"off\" background_color=\"#f7f7f7\" inner_shadow=\"on\" parallax=\"off\"][et_pb_row][et_pb_column type=\"4_4\"][et_pb_text admin_label=\"Text\" background_layout=\"light\" text_orientation=\"center\"]<\/p><h1>OUR LATEST WORK<\/h1><p>[\/et_pb_text][\/et_pb_column][\/et_pb_row][et_pb_row][et_pb_column type=\"4_4\"][et_pb_filterable_portfolio admin_label=\"Filterable Portfolio\" fullwidth=\"off\" include_categories=\"6,7,5\" show_title=\"on\" show_categories=\"on\" show_pagination=\"on\" background_layout=\"light\" hover_overlay_color=\"rgba(255,255,255,0.9)\" use_border_color=\"off\" border_color=\"#ffffff\" border_style=\"solid\"] [\/et_pb_filterable_portfolio][\/et_pb_column][\/et_pb_row][\/et_pb_section][et_pb_section fullwidth=\"off\" specialty=\"off\" background_color=\"#f48223\" inner_shadow=\"off\" parallax=\"off\" transparent_background=\"off\" allow_player_pause=\"off\" parallax_method=\"off\" padding_mobile=\"off\" make_fullwidth=\"off\" use_custom_width=\"off\" width_unit=\"on\" make_equal=\"off\" use_custom_gutter=\"off\"][et_pb_row][et_pb_column type=\"4_4\"][et_pb_text admin_label=\"Text\" background_layout=\"dark\" text_orientation=\"center\" use_border_color=\"off\" border_color=\"#ffffff\" border_style=\"solid\"]<\/p><h1>CON\u00d3ZCANOS<\/h1><p>[\/et_pb_text][\/et_pb_column][\/et_pb_row][et_pb_row][et_pb_column type=\"1_3\"][et_pb_team_member admin_label=\"Team Member\" name=\"Lorem Ipsum\" position=\"Company Role\" image_url=\"http:\/\/elegantthemesimages.com\/images\/premade\/d2-placeholder-320px.jpg\" animation=\"fade_in\" background_layout=\"dark\"] [\/et_pb_team_member][et_pb_team_member admin_label=\"Team Member\" name=\"Lorem Ipsum\" position=\"Company Role\" image_url=\"http:\/\/elegantthemesimages.com\/images\/premade\/d2-placeholder-320px.jpg\" animation=\"fade_in\" background_layout=\"dark\"] [\/et_pb_team_member][\/et_pb_column][et_pb_column type=\"1_3\"][et_pb_team_member admin_label=\"Team Member\" name=\"Lorem Ipsum\" position=\"Company Role\" image_url=\"http:\/\/elegantthemesimages.com\/images\/premade\/d2-placeholder-320px.jpg\" animation=\"fade_in\" background_layout=\"dark\"] [\/et_pb_team_member][et_pb_team_member admin_label=\"Team Member\" name=\"Lorem Ipsum\" position=\"Company Role\" image_url=\"http:\/\/elegantthemesimages.com\/images\/premade\/d2-placeholder-320px.jpg\" animation=\"fade_in\" background_layout=\"dark\"] [\/et_pb_team_member][\/et_pb_column][et_pb_column type=\"1_3\"][et_pb_team_member admin_label=\"Team Member\" name=\"Lorem Ipsum\" position=\"Company Role\" image_url=\"http:\/\/elegantthemesimages.com\/images\/premade\/d2-placeholder-320px.jpg\" animation=\"fade_in\" background_layout=\"dark\"] [\/et_pb_team_member][et_pb_team_member admin_label=\"Team Member\" name=\"Lorem Ipsum\" position=\"Company Role\" image_url=\"http:\/\/elegantthemesimages.com\/images\/premade\/d2-placeholder-320px.jpg\" animation=\"fade_in\" background_layout=\"dark\"] [\/et_pb_team_member][\/et_pb_column][\/et_pb_row][\/et_pb_section][et_pb_section fullwidth=\"off\" specialty=\"off\"][et_pb_row][et_pb_column type=\"4_4\"][et_pb_text admin_label=\"Text\" background_layout=\"light\" text_orientation=\"center\" use_border_color=\"off\" border_color=\"#ffffff\" border_style=\"solid\"]<\/p><h1>NUESTROS CLIENTES<\/h1><p>[\/et_pb_text][\/et_pb_column][\/et_pb_row][et_pb_row][et_pb_column type=\"1_4\"][et_pb_image admin_label=\"Image\" src=\"http:\/\/elegantthemes.com\/preview\/Divi2\/wp-content\/uploads\/2014\/05\/et-logo.png\" url_new_window=\"off\" animation=\"left\" show_in_lightbox=\"off\"] [\/et_pb_image][\/et_pb_column][et_pb_column type=\"1_4\"][et_pb_image admin_label=\"Image\" src=\"http:\/\/elegantthemes.com\/preview\/Divi2\/wp-content\/uploads\/2014\/05\/et-logo.png\" url_new_window=\"off\" animation=\"left\" show_in_lightbox=\"off\"] [\/et_pb_image][\/et_pb_column][et_pb_column type=\"1_4\"][et_pb_image admin_label=\"Image\" src=\"http:\/\/elegantthemes.com\/preview\/Divi2\/wp-content\/uploads\/2014\/05\/et-logo.png\" url_new_window=\"off\" animation=\"left\" show_in_lightbox=\"off\"] [\/et_pb_image][\/et_pb_column][et_pb_column type=\"1_4\"][et_pb_image admin_label=\"Image\" src=\"http:\/\/elegantthemes.com\/preview\/Divi2\/wp-content\/uploads\/2014\/05\/et-logo.png\" url_new_window=\"off\" animation=\"left\" show_in_lightbox=\"off\"] [\/et_pb_image][\/et_pb_column][\/et_pb_row][et_pb_row][et_pb_column type=\"1_4\"][et_pb_image admin_label=\"Image\" src=\"http:\/\/elegantthemes.com\/preview\/Divi2\/wp-content\/uploads\/2014\/05\/et-logo.png\" url_new_window=\"off\" animation=\"left\" show_in_lightbox=\"off\"] [\/et_pb_image][\/et_pb_column][et_pb_column type=\"1_4\"][et_pb_image admin_label=\"Image\" src=\"http:\/\/elegantthemes.com\/preview\/Divi2\/wp-content\/uploads\/2014\/05\/et-logo.png\" url_new_window=\"off\" animation=\"left\" show_in_lightbox=\"off\"] [\/et_pb_image][\/et_pb_column][et_pb_column type=\"1_4\"][et_pb_image admin_label=\"Image\" src=\"http:\/\/elegantthemes.com\/preview\/Divi2\/wp-content\/uploads\/2014\/05\/et-logo.png\" url_new_window=\"off\" animation=\"left\" show_in_lightbox=\"off\"] [\/et_pb_image][\/et_pb_column][et_pb_column type=\"1_4\"][et_pb_image admin_label=\"Image\" src=\"http:\/\/elegantthemes.com\/preview\/Divi2\/wp-content\/uploads\/2014\/05\/et-logo.png\" url_new_window=\"off\" animation=\"left\" show_in_lightbox=\"off\"] [\/et_pb_image][\/et_pb_column][\/et_pb_row][\/et_pb_section][et_pb_section fullwidth=\"off\" specialty=\"off\" transparent_background=\"off\" background_color=\"#2c8bca\" allow_player_pause=\"off\" inner_shadow=\"off\" parallax=\"off\" parallax_method=\"off\" padding_mobile=\"off\" make_fullwidth=\"off\" use_custom_width=\"off\" width_unit=\"on\" make_equal=\"off\" use_custom_gutter=\"off\"][et_pb_row][et_pb_column type=\"4_4\"][et_pb_text admin_label=\"Text\" background_layout=\"dark\" text_orientation=\"center\" use_border_color=\"off\" border_color=\"#ffffff\" border_style=\"solid\"]<\/p><h1>CONT\u00c1CTENOS<\/h1><p>[\/et_pb_text][\/et_pb_column][\/et_pb_row][et_pb_row][et_pb_column type=\"1_2\"][et_pb_map admin_label=\"Map\" zoom_level=\"17\" mouse_wheel=\"on\" use_grayscale_filter=\"off\" address=\"Los Alpes 975, Las Condes, Las Condes, Regi\u00f3n Metropolitana, Chile\" address_lat=\"-33.416517104020194\" address_lng=\"-70.56088697172356\"] [et_pb_map_pin title=\"Direcci\u00f3n\" pin_address=\"Los Alpes 975, Las Condes, Las Condes, Regi\u00f3n Metropolitana, Chile\" pin_address_lat=\"-33.4165623\" pin_address_lng=\"-70.561237\"] [\/et_pb_map_pin] [\/et_pb_map][\/et_pb_column][et_pb_column type=\"1_2\"][et_pb_contact_form admin_label=\"Contact Form\" captcha=\"on\" email=\"contacto@aqtea.cl\" use_border_color=\"off\" border_color=\"#ffffff\" border_style=\"solid\" custom_button=\"off\" button_letter_spacing=\"0\" button_use_icon=\"default\" button_icon_placement=\"right\" button_on_hover=\"on\" button_letter_spacing_hover=\"0\"] [\/et_pb_contact_form][\/et_pb_column][\/et_pb_row][\/et_pb_section]<\/p>","_et_gb_content_width":"","footnotes":""},"_links":{"self":[{"href":"https:\/\/aqtea.cl\/index.php?rest_route=\/wp\/v2\/pages\/200"}],"collection":[{"href":"https:\/\/aqtea.cl\/index.php?rest_route=\/wp\/v2\/pages"}],"about":[{"href":"https:\/\/aqtea.cl\/index.php?rest_route=\/wp\/v2\/types\/page"}],"author":[{"embeddable":true,"href":"https:\/\/aqtea.cl\/index.php?rest_route=\/wp\/v2\/users\/1"}],"replies":[{"embeddable":true,"href":"https:\/\/aqtea.cl\/index.php?rest_route=%2Fwp%2Fv2%2Fcomments&post=200"}],"version-history":[{"count":22,"href":"https:\/\/aqtea.cl\/index.php?rest_route=\/wp\/v2\/pages\/200\/revisions"}],"predecessor-version":[{"id":708,"href":"https:\/\/aqtea.cl\/index.php?rest_route=\/wp\/v2\/pages\/200\/revisions\/708"}],"wp:attachment":[{"href":"https:\/\/aqtea.cl\/index.php?rest_route=%2Fwp%2Fv2%2Fmedia&parent=200"}],"curies":[{"name":"wp","href":"https:\/\/api.w.org\/{rel}","templated":true}]}}